{"id":351,"date":"2023-09-13T13:50:35","date_gmt":"2023-09-13T10:50:35","guid":{"rendered":"https:\/\/dijitalcetasarim.com.tr\/?page_id=351"},"modified":"2023-09-20T13:09:17","modified_gmt":"2023-09-20T10:09:17","slug":"guvenlik-kamerasi-kurulum-ve-ekipman-satisi","status":"publish","type":"page","link":"https:\/\/dijitalcetasarim.com.tr\/?page_id=351","title":{"rendered":"G\u00fcvenlik kameras\u0131 kurulum ve ekipman sat\u0131\u015f\u0131"},"content":{"rendered":"","protected":false},"excerpt":{"rendered":"","protected":false},"author":1,"featured_media":0,"parent":13,"menu_order":2,"comment_status":"closed","ping_status":"closed","template":"","meta":{"footnotes":""},"class_list":["post-351","page","type-page","status-publish","hentry"],"_links":{"self":[{"href":"https:\/\/dijitalcetasarim.com.tr\/index.php?rest_route=\/wp\/v2\/pages\/351","targetHints":{"allow":["GET"]}}],"collection":[{"href":"https:\/\/dijitalcetasarim.com.tr\/index.php?rest_route=\/wp\/v2\/pages"}],"about":[{"href":"https:\/\/dijitalcetasarim.com.tr\/index.php?rest_route=\/wp\/v2\/types\/page"}],"author":[{"embeddable":true,"href":"https:\/\/dijitalcetasarim.com.tr\/index.php?rest_route=\/wp\/v2\/users\/1"}],"replies":[{"embeddable":true,"href":"https:\/\/dijitalcetasarim.com.tr\/index.php?rest_route=%2Fwp%2Fv2%2Fcomments&post=351"}],"version-history":[{"count":4,"href":"https:\/\/dijitalcetasarim.com.tr\/index.php?rest_route=\/wp\/v2\/pages\/351\/revisions"}],"predecessor-version":[{"id":401,"href":"https:\/\/dijitalcetasarim.com.tr\/index.php?rest_route=\/wp\/v2\/pages\/351\/revisions\/401"}],"up":[{"embeddable":true,"href":"https:\/\/dijitalcetasarim.com.tr\/index.php?rest_route=\/wp\/v2\/pages\/13"}],"wp:attachment":[{"href":"https:\/\/dijitalcetasarim.com.tr\/index.php?rest_route=%2Fwp%2Fv2%2Fmedia&parent=351"}],"curies":[{"name":"wp","href":"https:\/\/api.w.org\/{rel}","templated":true}]}}