{"id":333,"date":"2023-09-10T16:05:18","date_gmt":"2023-09-10T13:05:18","guid":{"rendered":"https:\/\/dijitalcetasarim.com.tr\/?page_id=333"},"modified":"2023-09-10T16:08:42","modified_gmt":"2023-09-10T13:08:42","slug":"hakkimizda1","status":"publish","type":"page","link":"https:\/\/dijitalcetasarim.com.tr\/?page_id=333","title":{"rendered":"Hakk\u0131m\u0131zda"},"content":{"rendered":"\n<pre class=\"wp-block-verse has-small-font-size\">B\u0130Z K\u0130M\u0130Z ?\n\n      Firmam\u0131z, dijital teknoloji malzemeleri alan\u0131nda en kaliteli \u00fcr\u00fcn ve hizmeti t\u00fcketiciye en uygun fiyatlarla sunmak amac\u0131yla, 2019 tarihinde \u2018Ceyhan IRVA\u2019 taraf\u0131ndan kurulmu\u015ftur. 2019 y\u0131l\u0131ndan bu yana; Elektrik, Elektronik, Mekatronik malzeme sat\u0131\u015f\u0131, kurulumu ve dijital \u00fcr\u00fcnler tasar\u0131m\/yaz\u0131l\u0131m m\u00fc\u015fteri sipari\u015flerinde, KOCAEL\u0130\u2019nde bulunan adreslerden hizmet vermektedir. \u00dclke ekonomisi ve vizyonuna teknolojik alanda g\u00fc\u00e7 vermek ad\u0131na \u00e7\u0131kt\u0131\u011f\u0131m\u0131z bu yolda, her zaman m\u00fc\u015fterilerinin memnuniyetini \u00f6ncelikleri aras\u0131nda ilk s\u0131raya koymu\u015ftur. Bu yakla\u015f\u0131m\u0131m\u0131z\u0131 E-ticaret sitemizden yap\u0131lan al\u0131\u015fveri\u015fler i\u00e7in de ayn\u0131 titizlikle g\u00f6stermeye devam etmekteyiz. M\u00fc\u015fterilerimizin verdikleri sipari\u015flerin en k\u0131sa s\u00fcrede kendilerine ula\u015fmas\u0131 i\u00e7in s\u00fcrekli olarak stoklu \u00e7al\u0131\u015fmaktay\u0131z.\n\n      Sitemiz \u00fczerinden yapt\u0131\u011f\u0131n\u0131z al\u0131\u015fveri\u015flerin en sorunsuz \u015fekilde ger\u00e7ekle\u015fmesi ve gerekli durumlarda iptal, iade ve de\u011fi\u015fim taleplerinin h\u0131zla i\u015fleme al\u0131nabilmesi i\u00e7in m\u00fc\u015fteri hizmetlerimiz her zaman sizi dinlemeye ve \u00e7\u00f6z\u00fcm \u00fcretmeye haz\u0131rd\u0131r. \u0130yi al\u0131\u015fveri\u015fler dileriz!\n\n      V\u0130ZYON\n\n      Sundu\u011fumuz hizmet ve \u00fcr\u00fcnlerimiz ile fark yaratan, ulusal \u00f6l\u00e7ekte faaliyet g\u00f6sterdi\u011fimiz alanda marka de\u011feri \u00f6nc\u00fc bir firma haline gelmek.\n\n      M\u0130SYON\n\n      Kalite anlay\u0131\u015f\u0131n\u0131 s\u00fcrekli geli\u015ftirerek kullan\u0131m\u0131 pratik \u00fcr\u00fcnler \u00fcretmek ve hizmet anlay\u0131\u015f\u0131na s\u00fcreklilik kazand\u0131rmak, bunlar\u0131 ger\u00e7ekle\u015ftirirken insana ve \u00e7evreye duyarl\u0131 \u00f6nc\u00fc \u00f6rnek bir firma olmak.<\/pre>\n\n\n\n<div style=\"height:200px\" aria-hidden=\"true\" class=\"wp-block-spacer\"><\/div>\n","protected":false},"excerpt":{"rendered":"<p>B\u0130Z K\u0130M\u0130Z ? Firmam\u0131z, dijital teknoloji malzemeleri alan\u0131nda en kaliteli \u00fcr\u00fcn ve hizmeti t\u00fcketiciye en uygun fiyatlarla sunmak amac\u0131yla, 2019 tarihinde \u2018Ceyhan IRVA\u2019 taraf\u0131ndan kurulmu\u015ftur. 2019 y\u0131l\u0131ndan bu yana; Elektrik, Elektronik, Mekatronik malzeme sat\u0131\u015f\u0131, kurulumu ve dijital \u00fcr\u00fcnler tasar\u0131m\/yaz\u0131l\u0131m m\u00fc\u015fteri sipari\u015flerinde, KOCAEL\u0130\u2019nde bulunan adreslerden hizmet vermektedir. \u00dclke ekonomisi ve vizyonuna teknolojik alanda g\u00fc\u00e7 vermek ad\u0131na [&hellip;]<\/p>\n","protected":false},"author":1,"featured_media":0,"parent":0,"menu_order":1,"comment_status":"closed","ping_status":"closed","template":"","meta":{"footnotes":""},"class_list":["post-333","page","type-page","status-publish","hentry"],"_links":{"self":[{"href":"https:\/\/dijitalcetasarim.com.tr\/index.php?rest_route=\/wp\/v2\/pages\/333","targetHints":{"allow":["GET"]}}],"collection":[{"href":"https:\/\/dijitalcetasarim.com.tr\/index.php?rest_route=\/wp\/v2\/pages"}],"about":[{"href":"https:\/\/dijitalcetasarim.com.tr\/index.php?rest_route=\/wp\/v2\/types\/page"}],"author":[{"embeddable":true,"href":"https:\/\/dijitalcetasarim.com.tr\/index.php?rest_route=\/wp\/v2\/users\/1"}],"replies":[{"embeddable":true,"href":"https:\/\/dijitalcetasarim.com.tr\/index.php?rest_route=%2Fwp%2Fv2%2Fcomments&post=333"}],"version-history":[{"count":16,"href":"https:\/\/dijitalcetasarim.com.tr\/index.php?rest_route=\/wp\/v2\/pages\/333\/revisions"}],"predecessor-version":[{"id":349,"href":"https:\/\/dijitalcetasarim.com.tr\/index.php?rest_route=\/wp\/v2\/pages\/333\/revisions\/349"}],"wp:attachment":[{"href":"https:\/\/dijitalcetasarim.com.tr\/index.php?rest_route=%2Fwp%2Fv2%2Fmedia&parent=333"}],"curies":[{"name":"wp","href":"https:\/\/api.w.org\/{rel}","templated":true}]}}